*f - 3*g + 35, 0 = g - r. Let v = -20 - f. What are the prime factors of v?
2, 3
Let x(f) = f**3 + 7*f**2 + 3*f - 5. List the prime factors of x(-4).
31
List the prime factors of (-14)/(((-8)/(-3))/(-4)).
3, 7
Let o(z) = z**3 - 21*z**2 + 24*z - 48. What are the prime factors of o(20)?
2
Suppose -534 = -17*x + 14*x. List the prime factors of x.
2, 89
Suppose -b - 4*u = 3*b - 12, 5*b - 15 = -2*u. Suppose 0 = b*a - 4*l + 61, -4*a - l - 94 = a. What are the prime factors of (-1)/2*(-3 + a)?
11
What are the prime factors of 42 - -2 - (1 - 2)?
3, 5
Suppose -3*x - 4 = c - 6, 8 = 2*x + 2*c. What are the prime factors of ((-3)/9)/(x/9)?
3
Let r be 42/(-5)*490/(-21). Suppose -4*a - 5*o + 157 = 0, 2*o - r = -3*a - 73. List the prime factors of a.
43
Suppose -x + 5*d + 21 = 0, -3*x - 1 = 4*d - 26. Let q = x - 6. Suppose q*g - 4 = 11. List the prime factors of g.
3
Let x(z) = z**2 - 8*z - 2. Let v(u) = 2*u**2 - 16*u - 3. Let d(k) = 3*v(k) - 7*x(k). What are the prime factors of d(6)?
17
Let y(r) = -13*r**3. Let c be y(-1). Suppose 0 = -0*x + x - c. What are the prime factors of x?
13
Suppose -68 = -p + 2*t, -2*p + 5*t + 136 = 3*t. What are the prime factors of p?
2, 17
Let c(s) = -8*s + 1. Let o be c(1). Let u be -2 + (-2 - -3) + 16. Let l = u + o. What are the prime factors of l?
2
Let j(l) = 3*l**2 + 12*l + 1. What are the prime factors of j(-5)?
2
Suppose -2*y + 3*y = 3*r + 69, -5*y - 4*r + 250 = 0. List the prime factors of y.
2, 3
Suppose 18 = 5*x - 4*j, 5*x = j - 1 + 13. Suppose -3*o - x*z = -0*z - 87, 2*z - 6 = 0. What are the prime factors of o?
3
Let i(s) = 4*s - 1 + s - 2*s. Let l be i(3). What are the prime factors of (-2 - -1)/((-4)/l)?
2
Let x(u) = -u + 12. What are the prime factors of x(-12)?
2, 3
Let o(q) = q**2 + 5*q - 6. Let n be o(-7). Let x = n - -3. What are the prime factors of x?
11
Let u(p) = -p + 8. Let l be u(9). Let n = l - -4. Let d(h) = -h**2 + 6*h + 3. What are the prime factors of d(n)?
2, 3
Let n(p) = 2*p**2 - p - 2. Let i(y) = -y**3 - 9*y**2 + 10*y - 2. Let m be i(-10). List the prime factors of n(m).
2
Let x(y) = -y**3 - 9*y**2 - 2*y - 10. Let g(o) = -2*o**2 + 6*o - 1. Let b be g(4). List the prime factors of x(b).
2
Let r(p) be the third derivative of -p**7/5040 - p**6/720 + p**5/60 - 3*p**2. Let g(w) be the third derivative of r(w). List the prime factors of g(-5).
2
Let a(r) = -r**2 + 6*r + 5. Let n be a(5). Let v(x) = 3*x + 17. Let d be v(-7). Let b = n + d. What are the prime factors of b?
2, 3
Let k(j) = -j - 7. Let r be k(-10). Suppose r*z - 5 + 8 = 3*s, -4*s + 5*z = 1. Suppose 0 = w - f - s, 0*f = 2*w - 5*f. What are the prime factors of w?
2, 5
Let g(t) = t**2 - 6*t - 11. What are the prime factors of g(11)?
2, 11
Let d(u) = -2*u**2 + 67*u + 13. What are the prime factors of d(29)?
2, 137
Suppose -5*f + w = -85, 0 = -3*f + 2*f + w + 13. Suppose -3*r = -2*r - f. What are the prime factors of r?
2, 3
Let m be ((-327)/15 + 1)*5. What are the prime factors of 3 - (-1)/((-4)/m)?
29
Let o(s) = -s + 3. Let y be o(4). Suppose 2*i = -9 + 3. What are the prime factors of (y + 0)/(1/i)?
3
Let d be -3 - (-6 - -3) - 2. Let t be d - 0 - 20/(-4). Suppose 1 = -w + t. List the prime factors of w.
2
Let c(l) = -4*l - 1. Let b = 13 - 18. What are the prime factors of c(b)?
19
List the prime factors of -10*(-39)/(-12)*-2.
5, 13
Let w = 6 + -3. Suppose -l = w*l - 72. List the prime factors of l.
2, 3
Let y be (-2*2 - -2) + 2. Suppose -7*z + 2*z - 20 = y. Let o = -2 - z. List the prime factors of o.
2
Let y(x) = -x**3 + 11*x**2 - 10*x - 11. Let g be y(9). Let c = g + -39. List the prime factors of c.
2, 11
Let m(o) = o**3 + o + 2. What are the prime factors of m(2)?
2, 3
Let f = 3 - 2. Suppose u + 5*z - 5 = -f, -2*z + 70 = 4*u. Let o = -11 + u. List the prime factors of o.
2
Let v(o) = o**3 - 4*o**2 + 7*o + 3. Let w(b) = -4*b**3 + 12*b**2 - 21*b - 8. Let f(d) = -7*v(d) - 2*w(d). List the prime factors of f(-5).
5
Let z(y) = -5*y**3 - 2*y**2 - y + 2. Let g(b) = -b**2 - 2*b + 1. Let f be g(1). List the prime factors of z(f).
2, 3
Let v(b) be the third derivative of -b**6/30 - b**5/15 - b**4/8 - 5*b**2. What are the prime factors of v(-2)?
2, 11
Let k = -199 - -288. What are the prime factors of k?
89
Suppose -4*a - 12 = -56. Let n = -21 + a. What are the prime factors of (-72)/(-5) - (-4)/n?
2, 7
Suppose 12*k - 47 = 601. List the prime factors of k.
2, 3
Let z(m) = -m**2 - 6*m. Suppose 5*h + 33 = 2*i, -3*h + h = 4*i - 6. List the prime factors of z(h).
5
List the prime factors of (-30 + -3)*-1 - 0.
3, 11
Let w be (4 - 2)/((-1)/(-2)). Suppose c + 33 = w*c. List the prime factors of c.
11
Let o(k) = -k**3 - 5*k**2 - 4*k - 6. Let i be o(-5). Suppose 0 = -f + a + i, -6*f + 34 = -f + 4*a. List the prime factors of f.
2, 5
Let t(c) = 23*c**2 + 2. List the prime factors of t(-3).
11, 19
Let n(h) = -2 - 3*h + 2*h - 2. Let d be n(3). Let c(s) = s + 12. List the prime factors of c(d).
5
Let o = -107 + 225. What are the prime factors of o?
2, 59
Let i = 5 + -2. Let c be i/(-2)*6/9. Let o = 3 + c. List the prime factors of o.
2
Let s(g) = 13*g + 1. Let q be s(3). Let y = 14 + -9. Suppose 7*d - 2*d - q = y*x, 5*d = -3*x + 64. What are the prime factors of d?
11
Let h(g) = -4 - 14*g**2 - 1 - 2*g + 15*g**2. Let m be h(4). Suppose 2*u + z - 12 = 6*z, 2*u - 28 = -m*z. List the prime factors of u.
11
Suppose 17 + 137 = j. List the prime factors of j.
2, 7, 11
Let c = 9 + -8. What are the prime factors of 9 - ((c - -3) + -2)?
7
Suppose -c - 2*l = -23, -60 = -4*c - 3*l + 37. Suppose -2*s + r - c = 4*r, 5 = -5*r. Let q = s - -21. List the prime factors of q.
2, 5
List the prime factors of 4*(-42)/(-20)*35/14.
3, 7
Let v(i) = -i**2 + 8*i. What are the prime factors of v(7)?
7
Let d = 65 + -36. Let t = 1 + d. List the prime factors of t.
2, 3, 5
Let u(j) = j**2 - 7*j + 10. Let b be u(10). Let x = b + -67. What are the prime factors of 0 + 2 + x/(-3)?
11
Let z(y) = -y + 7. Let w(d) = d - 6. Let s(m) = -2*w(m) - 3*z(m). Let a be s(4). Let g = 11 + a. What are the prime factors of g?
2, 3
Let k(r) = 21*r - 45. List the prime factors of k(7).
2, 3, 17
Let g be (25/(-10))/((-1)/2). Suppose 20 = -g*y + y - 2*v, 3*y + 26 = 4*v. List the prime factors of 68/7 + y/(-21).
2, 5
Let r(v) be the first derivative of v**3/3 + 3*v**2/2 + 1. Suppose -3*m = 2*m + 20. What are the prime factors of r(m)?
2
Let n(g) = -g**2 + 7*g. Suppose 3*a - 4*a + 6 = 0. Let p be n(a). List the prime factors of (-3)/((-2)/p - 0).
3
Let r = 70 - 8. What are the prime factors of r?
2, 31
Suppose b = 2*y, 2*y + b - 4 = 4. Let x(l) = -8*l - l**y - 4*l**2 - l**3 + 2*l - 6. What are the prime factors of x(-4)?
2
Let x be (-1)/2*(-2 - 0). List the prime factors of 39/x - (-6 + 3).
2, 3, 7
Let b = 4 - 3. Suppose -2*i - b = -15. Suppose -4*s = -y - 8 - i, 5 = 2*s - 3*y. List the prime factors of s.
2
List the prime factors of 51/2*(1 - -1).
3, 17
Suppose -y = -0*y. Let v = 3 + y. Let r(s) = s**2 + 1. List the prime factors of r(v).
2, 5
Let c(t) = t**3 - t**2 + t - 1. Let b be c(2). Suppose b*a - 40 = -0*a. What are the prime factors of a?
2
Suppose 3*n - 10 = 5*n, 2*k + 5*n = -17. Suppose -16 = -4*y - k*v, -4*y = -4*v - 0*v. Suppose -w - 3*t = w - 21, -10 = -y*t. List the prime factors of w.
3
Let s(f) = 8*f - 16. Let m be s(12). Suppose -1 = -d - 4*l + 2, -4*d + m = -l. What are the prime factors of d?
19
Let s be 2 - 2*(-1)/(-2). Let y be (-10 + s)*5/3. What are the prime factors of (-6)/y + 68/5?
2, 7
Let w(s) be the first derivative of -s**2/2 + 39*s + 6. What are the prime factors of w(0)?
3, 13
Let n be 0/(-3)*(1 + 0). Suppose n = -3*k - 3 + 9. Suppose -8 = -k*v - 2. What are the prime factors of v?
3
Suppose 0 = 3*v + 44 - 170. Suppose 2*n - v = -0*n. What are the prime factors of n?
3, 7
Let u(q) = -2*q - 1. Suppose 0 = 2*y - 6, 3*r - 7*r = -y + 35. Let g be u(r). List the prime factors of ((-27)/g)/((-2)/10).
3
Let f(q) be the first derivative of -q**2 + 5*q + 4. Let o be f(6). List the prime factors of -2*(0 - o/(-2)).
7
Suppose m = 3*m + 18. Let g be 12/m*18/(-4). List the prime factors of (-1 + -3)/(g/(-3)).
2
Suppose -26 = -5*l + 84. Suppose 23 = 5*r - l. List the prime factors of r.
3
Let z(l) = -9*l - 2. Let u be z(2). Let d = -28 - u. Let s = d + 20. List the prime factors of s.
2,